{"id":15390,"date":"2023-07-22T23:27:44","date_gmt":"2023-07-22T21:27:44","guid":{"rendered":"https:\/\/klinika-weterynaryjna.com\/?page_id=15390"},"modified":"2023-07-22T23:28:46","modified_gmt":"2023-07-22T21:28:46","slug":"zacma","status":"publish","type":"page","link":"https:\/\/klinika-weterynaryjna.com\/index.php\/zacma\/","title":{"rendered":"Za\u0107ma"},"content":{"rendered":"\t\t<div data-elementor-type=\"wp-page\" data-elementor-id=\"15390\" class=\"elementor elementor-15390\" data-elementor-settings=\"[]\">\n\t\t\t\t\t\t<div class=\"elementor-inner\">\n\t\t\t\t\t\t\t<div class=\"elementor-section-wrap\">\n\t\t\t\t\t\t\t<section data-particle_enable=\"false\" data-particle-mobile-disabled=\"false\" class=\"elementor-section elementor-top-section elementor-element elementor-element-997e2f4 elementor-section-boxed elementor-section-height-default elementor-section-height-default\" data-id=\"997e2f4\" data-element_type=\"section\">\n\t\t\t\t\t\t<div class=\"elementor-container elementor-column-gap-default\">\n\t\t\t\t\t\t\t<div class=\"elementor-row\">\n\t\t\t\t\t<div class=\"elementor-column elementor-col-100 elementor-top-column elementor-element elementor-element-f06afcf\" data-id=\"f06afcf\" data-element_type=\"column\">\n\t\t\t<div class=\"elementor-column-wrap elementor-element-populated\">\n\t\t\t\t\t\t\t<div class=\"elementor-widget-wrap\">\n\t\t\t\t\t\t<div class=\"elementor-element elementor-element-f104d4e elementor-widget elementor-widget-text-editor\" data-id=\"f104d4e\" data-element_type=\"widget\" data-widget_type=\"text-editor.default\">\n\t\t\t\t<div class=\"elementor-widget-container\">\n\t\t\t\t\t\t\t\t<div class=\"elementor-text-editor elementor-clearfix\">\n\t\t\t\t<p>Leczenie chor\u00f3b oczu u psa czy kota pozwala na cz\u0119\u015bciowe lub nawet ca\u0142kowite przywr\u00f3cenie widzenia.<\/p><p>FAKOEMULSYFIKACJA, czyli operacja USUNI\u0118CIA ZA\u0106MY, to zabieg, kt\u00f3ry bezwzgl\u0119dnie zmieni jako\u015b\u0107 \u017cycia Waszego pupila<\/p><p>Warto pami\u0119ta\u0107, \u017ce po operacji za\u0107ma nie nawraca, wi\u0119c zabieg jest jednorazowy.<\/p><p>Nie nale\u017cy zwleka\u0107 z zabiegiem przy post\u0119puj\u0105cej za\u0107mie u psa czy kota. Powoduje to powstawanie zrost\u00f3w, zapalenia b\u0142ony naczyniowej oraz innych komplikacji, kt\u00f3re mog\u0105 utrudni\u0107 zabieg.<\/p>\t\t\t\t\t<\/div>\n\t\t\t\t\t\t<\/div>\n\t\t\t\t<\/div>\n\t\t\t\t\t\t<\/div>\n\t\t\t\t\t<\/div>\n\t\t<\/div>\n\t\t\t\t\t\t\t\t<\/div>\n\t\t\t\t\t<\/div>\n\t\t<\/section>\n\t\t\t\t\t\t<\/div>\n\t\t\t\t\t\t<\/div>\n\t\t\t\t\t<\/div>\n\t\t","protected":false},"excerpt":{"rendered":"<p>Leczenie chor\u00f3b oczu u psa czy kota pozwala na cz\u0119\u015bciowe lub nawet ca\u0142kowite przywr\u00f3cenie widzenia. FAKOEMULSYFIKACJA, czyli operacja USUNI\u0118CIA ZA\u0106MY, to zabieg, kt\u00f3ry bezwzgl\u0119dnie zmieni jako\u015b\u0107 \u017cycia Waszego pupila Warto pami\u0119ta\u0107, \u017ce po operacji za\u0107ma nie nawraca, wi\u0119c zabieg jest&#8230;<\/p>\n","protected":false},"author":1,"featured_media":0,"parent":0,"menu_order":0,"comment_status":"closed","ping_status":"closed","template":"","meta":{"footnotes":""},"class_list":["post-15390","page","type-page","status-publish","hentry"],"_links":{"self":[{"href":"https:\/\/klinika-weterynaryjna.com\/index.php\/wp-json\/wp\/v2\/pages\/15390","targetHints":{"allow":["GET"]}}],"collection":[{"href":"https:\/\/klinika-weterynaryjna.com\/index.php\/wp-json\/wp\/v2\/pages"}],"about":[{"href":"https:\/\/klinika-weterynaryjna.com\/index.php\/wp-json\/wp\/v2\/types\/page"}],"author":[{"embeddable":true,"href":"https:\/\/klinika-weterynaryjna.com\/index.php\/wp-json\/wp\/v2\/users\/1"}],"replies":[{"embeddable":true,"href":"https:\/\/klinika-weterynaryjna.com\/index.php\/wp-json\/wp\/v2\/comments?post=15390"}],"version-history":[{"count":7,"href":"https:\/\/klinika-weterynaryjna.com\/index.php\/wp-json\/wp\/v2\/pages\/15390\/revisions"}],"predecessor-version":[{"id":15397,"href":"https:\/\/klinika-weterynaryjna.com\/index.php\/wp-json\/wp\/v2\/pages\/15390\/revisions\/15397"}],"wp:attachment":[{"href":"https:\/\/klinika-weterynaryjna.com\/index.php\/wp-json\/wp\/v2\/media?parent=15390"}],"curies":[{"name":"wp","href":"https:\/\/api.w.org\/{rel}","templated":true}]}}